he remainder when 1162 is divided by 292.
286
Calculate the remainder when 2896 is divided by 1090.
716
Calculate the remainder when 4660040 is divided by 186.
182
What is the remainder when 783 is divided by 221?
120
Calculate the remainder when 1253 is divided by 491.
271
Calculate the remainder when 60008 is divided by 3000.
8
Calculate the remainder when 8662 is divided by 457.
436
What is the remainder when 33667 is divided by 11?
7
Calculate the remainder when 909 is divided by 333.
243
Calculate the remainder when 580797 is divided by 48.
45
Calculate the remainder when 3419 is divided by 88.
75
Calculate the remainder when 4252 is divided by 191.
50
What is the remainder when 31286 is divided by 2317?
1165
What is the remainder when 354502 is divided by 585?
577
What is the remainder when 17889 is divided by 2231?
41
What is the remainder when 11722 is divided by 2288?
282
Calculate the remainder when 976 is divided by 157.
34
What is the remainder when 27050 is divided by 3005?
5
Calculate the remainder when 4025 is divided by 1623.
779
What is the remainder when 30847 is divided by 359?
332
Calculate the remainder when 39940 is divided by 165.
10
Calculate the remainder when 2680 is divided by 11.
7
Calculate the remainder when 1864 is divided by 751.
362
Calculate the remainder when 2275 is divided by 206.
9
Calculate the remainder when 189113 is divided by 447.
32
Calculate the remainder when 11087 is divided by 609.
125
What is the remainder when 3044 is divided by 1012?
8
What is the remainder when 3020 is divided by 270?
50
Calculate the remainder when 10293362 is divided by 76.
74
Calculate the remainder when 2187 is divided by 534.
51
What is the remainder when 449 is divided by 178?
93
Calculate the remainder when 10657 is divided by 51.
49
Calculate the remainder when 55920 is divided by 177.
165
Calculate the remainder when 13608 is divided by 206.
12
What is the remainder when 52695 is divided by 124?
119
What is the remainder when 662108 is divided by 1176?
20
Calculate the remainder when 24136 is divided by 1482.
424
What is the remainder when 700352 is divided by 21222?
26
Calculate the remainder when 6253 is divided by 273.
247
Calculate the remainder when 10518 is divided by 701.
3
What is the remainder when 87590 is divided by 43?
42
What is the remainder when 304176 is divided by 14?
12
Calculate the remainder when 19903 is divided by 30.
13
What is the remainder when 98843 is divided by 52?
43
What is the remainder when 3462 is divided by 584?
542
Calculate the remainder when 2495 is divided by 278.
271
Calculate the remainder when 884113 is divided by 2.
1
What is the remainder when 83351 is divided by 24?
23
Calculate the remainder when 639635 is divided by 51.
44
What is the remainder when 279154 is divided by 69786?
10
What is the remainder when 53748 is divided by 61?
7
What is the remainder when 467187 is divided by 7918?
25
What is the remainder when 2463 is divided by 464?
143
What is the remainder when 1694 is divided by 813?
68
Calculate the remainder when 1409 is divided by 355.
344
Calculate the remainder when 10739 is divided by 687.
434
Calculate the remainder when 775178 is divided by 14.
12
What is the remainder when 7094 is divided by 1663?
442
Calculate the remainder when 14607 is divided by 725.
107
Calculate the remainder when 288307 is divided by 22.
19
Calculate the remainder when 2204 is divided by 357.
62
Calculate the remainder when 40934 is divided by 19.
8
What is the remainder when 93563 is divided by 18?
17
What is the remainder when 25254 is divided by 142?
120
What is the remainder when 423156 is divided by 596?
592
Calculate the remainder when 4932 is divided by 25.
7
What is the remainder when 8263 is divided by 298?
217
What is the remainder when 176027 is divided by 44003?
15
What is the remainder when 131230 is divided by 48?
46
Calculate the remainder when 103869 is divided by 103861.
8
What is the remainder when 24477 is divided by 206?
169
What is the remainder when 2233 is divided by 2204?
29
Calculate the remainder when 850554 is divided by 19.
0
Calculate the remainder when 8547 is divided by 93.
84
Calculate the remainder when 17268 is divided by 17.
13
What is the remainder when 13166 is divided by 6575?
16
Calculate the remainder when 27258 is divided by 145.
143
What is the remainder when 172512 is divided by 159?
156
Calculate the remainder when 1746508 is divided by 10.
8
What is the remainder when 30886 is divided by 23?
20
Calculate the remainder when 992263 is divided by 611.
610
What is the remainder when 197008 is divided by 290?
98
Calculate the remainder when 3356224 is divided by 411.
409
What is the remainder when 137384 is divided by 122?
12
Calculate the remainder when 298267 is divided by 77.
46
What is the remainder when 806815 is divided by 42?
37
What is the remainder when 70796 is divided by 100?
96
What is the remainder when 630636 is divided by 2310?
6
What is the remainder when 11937 is divided by 797?
779
Calculate the remainder when 107523 is divided by 611.
598
What is the remainder when 6636023 is divided by 74?
73
Calculate the remainder when 2233 is divided by 28.
21
Calculate the remainder when 26347 is divided by 3265.
227
Calculate the remainder when 9165 is divided by 65.
0
Calculate the remainder when 62249 is divided by 250.
249
What is the remainder when 270054 is divided by 982?
4
Calculate the remainder when 215336 is divided by 15380.
16
What is the remainder when 403117 is divided by 141?
139
What is the remainder when 1649 is divided by 669?
311
What is the remainder when 1414 is divided by 20?
14
What is the remainder when 27966 is divided by 304?
302
Calculate the remainder when 257405 is divided by 32.
29
Calculate the remainder when 1882 is divided by 896.
90
What is the remainder when 7544 is divided by 91?
82
What is the remainder when 13943 is divided by 951?
629
What is the remainder when 1224 is divided by 378?
90
Calculate the remainder when 9461 is divided by 3053.
302
What is the remainder when 7778 is divided by 567?
407
What is the remainder when 193401 is divided by 415?
11
What is the remainder when 15856888 is divided by 670?
668
Calculate the remainder when 22779 is divided by 245.
239
What is the remainder when 5008 is divided by 1659?
31
Calculate the remainder when 14493 is divided by 14.
3
Calculate the remainder when 27828 is divided by 1035.
918
Calculate the remainder when 27004 is divided by 1226.
32
Calculate the remainder when 7080 is divided by 42.
24
Calculate the remainder when 4333 is divided by 135.
13
Calculate the remainder when 17021 is divided by 712.
645
What is the remainder when 8677 is divided by 293?
180
What is the remainder when 89259 is divided by 87?
84
What is the remainder when 3511 is divided by 1122?
145
Calculate the remainder when 1326347 is divided by 923.
919
Calculate the remainder when 12169 is divided by 17.
14
What is the remainder when 667745 is divided by 97?
94
What is the remainder when 698658 is divided by 349326?
6
What is the remainder when 7236 is divided by 1030?
26
What is the remainder when 907 is divided by 104?
75
Calculate the remainder when 429 is divided by 28.
9
What is the remainder when 94512 is divided by 243?
228
Calculate the remainder when 507926 is divided by 253962.
2
What is the remainder when 10472 is divided by 274?
60
What is the remainder when 38758 is divided by 12715?
613
What is the remainder when 1196 is divided by 2?
0
Calculate the remainder when 44925 is divided by 104.
101
Calculate the remainder when 5147 is divided by 62.
1
What is the remainder when 5891 is divided by 84?
11
What is the remainder when 17891 is divided by 689?
666
What is the remainder when 264955 is divided by 217?
215
Calculate the remainder when 10080 is divided by 71.
69
What is the remainder when 28768 is divided by 282?
4
Calculate the remainder when 16513 is divided by 30.
13
Calculate the remainder when 9980 is divided by 64.
60
What is the remainder when 6146 is divided by 129?
83
Calculate the remainder when 42237 is divided by 35.
27
Calculate the remainder when 14966 is divided by 305.
21
What is the remainder when 4700176 is divided by 89?
86
Calculat